 + 28 = 0. Is 4*((-241)/x - 2) composite?
False
Suppose -7*m - 14785 + 57898 = 0. Is m composite?
True
Let n(j) = j - 5. Let q be n(8). Suppose 721 + 50 = q*x. Is x a composite number?
False
Suppose -3*h = -3*p + 51, 5*h + 1 = 4*p - 3*p. Is p a prime number?
False
Let u be 266/(2*1/(-2)). Suppose -d - z = -5, 5*z - 19 = -d - d. Is (u - -3)*(-3 + d) composite?
False
Suppose 0 = -2*i - 4*u + 400, 13*i = 15*i + u - 403. Is i a prime number?
False
Suppose 6*d - 2*d = 3*k - 58, -2*k + 40 = -3*d. Let b = 99 + k. Is b a prime number?
True
Let j(o) = 6*o**2 - 31*o - 6. Is j(-11) a composite number?
False
Let p(d) = -36*d - 5. Suppose -4*r + 5 = -11. Suppose -q + 0*q = -3*y - 18, -4*y + r*q - 24 = 0. Is p(y) prime?
True
Let r(z) be the third derivative of z**7/840 - z**6/180 + 5*z**4/24 + z**3/6 - 3*z**2. Let q(u) be the first derivative of r(u). Is q(4) a prime number?
True
Suppose -105 = -p + 214. Is p composite?
True
Suppose -5*a = 5*d - 3925, 0*d - 3*d = 2*a - 2355. Is d a composite number?
True
Suppose 2*h - 308 = -4*f, -4*f - 664 = -3*h - h. Suppose 5*l = 2*l - h. Let o = 80 + l. Is o a composite number?
True
Suppose -m - 528 + 1615 = 0. Is m a prime number?
True
Suppose -2 = 3*n + 10. Let x be (-90)/n + 12/8. Let k = x + -17. Is k prime?
True
Suppose 3*w = -0*w + 12. Suppose 5*a = h - 6 - 50, -w*a + 84 = 2*h. Is h a composite number?
True
Let b(k) = k**2 + 6. Let c be b(7). Suppose m = -21 + c. Is m a composite number?
True
Let t = -78 - -25. Let r(x) = -x**3 + x**2 + x + 54. Let y be r(0). Is (-1)/(y/t - -1) a prime number?
True
Let g(v) = 233*v + 2. Is g(1) composite?
True
Suppose -24 - 36 = y. Let f = y + 271. Is f a prime number?
True
Let f = 23 + -12. Let x = f - 3. Suppose -3*o = -x*o + 105. Is o prime?
False
Let s be (-2)/(-2) + (10 - 3). Suppose 0 = -s*b + 12*b - 636. Is b a prime number?
False
Suppose 4*k = 5*c - 2499, 0 = 5*c - 2*k + 3*k - 2494. Is c a composite number?
False
Let f be 14/6 + 2/3. Suppose -3*m - 85 = 2*q, q - f*m + 4*m = -45. Let c = q + 85. Is c a prime number?
False
Let c be (204/8)/((-2)/8). Let v = c + 189. Is v prime?
False
Suppose 3*a - 7*a + 212 = -5*q, -4*a + 224 = -2*q. Is a a prime number?
False
Is (-8 - -4 - -1) + 3910/1 composite?
False
Let x(n) = n**3 - 5*n**2 + 3*n + 4. Let q be x(4). Let h = 0 - q. Suppose 2*u - 5*v + 6 = h, 0 = 2*v - 9 + 1. Is u composite?
False
Suppose 655 = s + 4*s. Is s a composite number?
False
Let r = -8 - -12. Suppose 0 = 4*f - r*i, -7*f + 5*i = -3*f. Is (f - (-4)/(-6))*-51 prime?
False
Let o = -605 + 1092. Is o prime?
True
Let x be 2/((-88)/(-87) - 1). Suppose u - x = -u. Is u a composite number?
True
Suppose 5*v = v + 88. Suppose -2*j + v = -40. Is j composite?
False
Let t = 614 - 355. Is t composite?
True
Suppose 20 = 4*v - 48. Let q = 130 - v. Is q prime?
True
Let d = 1739 + -1030. Is d a composite number?
False
Suppose 30*s + 4535 = 35*s. Is s prime?
True
Is ((-15)/(-6))/(7/1414) a composite number?
True
Suppose 3*t - 10 = 4*t. Is t/(2 - (-48)/(-21)) composite?
True
Let x(a) = a**2 - 10*a + 5. Let j be x(10). Let f(n) = n**2 - 5*n + 1. Let w be f(j). Is (w/2)/(4/536) a composite number?
False
Let d = -108 + 159. Is d a composite number?
True
Suppose 0 = f - 138 - 111. Let o be 1 + f + 3 - 2. Suppose y - o = -0*y. Is y composite?
False
Let j(o) = -o**2 + 65. Let m = -6 - -6. Is j(m) prime?
False
Let o be (-3)/(3*(-3)/6). Suppose 0 = -c + o*y - 15, 8*c - 3*y + 68 = 3*c. Is -3*-1*c/(-3) a composite number?
False
Let w = -32 - -51. Is w a prime number?
True
Let i be 12*(-15)/18*-2. Suppose -4*o = t - 239, -i = -o - 4*t + 51. Is o a composite number?
False
Let a(x) be the second derivative of -x**5/20 - x**4/2 + 7*x**2/2 - 4*x. Is a(-6) composite?
False
Let c = 0 - -3. Suppose -c*k + 11 = -10. Is k composite?
False
Let x be -2*((-158)/3)/((-8)/12). Suppose 3*i - 715 = 188. Let z = i + x. Is z composite?
True
Suppose 0 = 3*d - 926 - 481. Is d prime?
False
Let g = 35 - 13. Is g a prime number?
False
Suppose 6 = w - 4*q - 1, q - 14 = -5*w. Suppose 0 = z - w*o - 46, -2*o = -5*z - o + 216. Is z a prime number?
True
Suppose 8*i - 3*i = -4*m + 427, -i + 95 = 4*m. Is i composite?
False
Let n(u) = -22*u - 4. Is n(-5) prime?
False
Suppose l + 5 = 0, -4*t + 4*l + 39 = -3*t. Suppose 4*g + t = -3*m + 169, -83 = -2*m + 3*g. Is m composite?
True
Is 6/36 - (-35290)/12 prime?
False
Let r(b) = 27*b**3 - 5*b**2 + 4*b + 1. Is r(3) a composite number?
True
Let b(v) = -v**3 - 6*v**2 + 8*v + 4. Let l be b(-7). Let k(a) = 14*a**2 + a - 4. Is k(l) a prime number?
False
Suppose 12 = 4*z + 4*o, 4*z - 4 = -0*z + 4*o. Suppose 3*r + 2 - 5 = 3*b, 5*b - 16 = -z*r. Suppose r*l - 15 = 60. Is l a prime number?
False
Suppose 3 = 2*o - 1. Is (-8)/o*(-113)/4 prime?
True
Let s be (-3)/(6/(-4))*452. Suppose n - 5*n + s = 0. Suppose 3*k - k = n. Is k a prime number?
True
Let i be -3 + (0/3 - -3). Suppose i = -4*g + 8, -3*h = -6*h + 3*g + 48. Suppose -2*v = -h - 34. Is v a composite number?
True
Suppose 2 = 2*u, 4*j + 5*u - 17 = j. Let l be ((-6)/j)/(12/(-32)). Suppose 0 = 2*b + i - l*i - 95, 3*i = 4*b - 181. Is b a composite number?
False
Let m(c) = -6*c + 1 + 0*c**2 + 0 + c**2 + 4. Suppose -5*y + 5*k = -25, 4*y + 2*k - k - 35 = 0. Is m(y) prime?
False
Let h(v) = 53*v + 3. Is h(8) a prime number?
False
Let y be 495/12 - (-2)/(-8). Suppose 3*k - l = 5*k - y, -94 = -3*k + 5*l. Is k prime?
True
Suppose -3 = -5*g - 3*d, 5 = 2*g - 4*g + 5*d. Let z be g - (1 + 0 + 15). Let m = 81 + z. Is m a prime number?
False
Suppose v + v - 6 = 0. Suppose 0 = -2*n - 6, -4*n = v*s - 8*s + 202. Is s a composite number?
True
Suppose 154 + 137 = 3*x. Is x a prime number?
True
Let a(r) = -4*r - 1. Let n be a(-1). Let y be (1 - 2) + n - -52. Suppose -5*l + 71 = -y. Is l a composite number?
True
Let q be 0 + -3 + 6 - -44. Suppose 0*a + 3*l - q = -4*a, a + 5*l - 16 = 0. Is a prime?
True
Suppose -266 = -u + 141. Is u composite?
True
Let d = 8 + -12. Is 75/2 - d/(-8) composite?
False
Let s(u) = -3*u**3 - 13*u**2 - 6*u - 1. Let l(h) = -13*h**3 - 52*h**2 - 23*h - 3. Let v(n) = 2*l(n) - 9*s(n). Is v(-5) a composite number?
False
Suppose -12*p + 2*a + 828 = -10*p, -394 = -p + 5*a. Is p composite?
False
Let v(i) = 3*i + 1. Let h be v(8). Let x = 33 + h. Is x prime?
False
Suppose 1574 = 30*b - 28*b. Is b composite?
False
Suppose -3*y + 0*y + 180 = 3*l, 123 = 2*y + 5*l. Is y a composite number?
False
Suppose 4*i = 3*i + 11. Is i prime?
True
Suppose t + n = 455, 2*n - 1824 = -4*t - 3*n. Is t a composite number?
True
Let h(y) = 619*y + 64. Is h(7) prime?
True
Suppose -o = k + k + 27, 0 = 3*o - 3*k + 54. Let w = 72 + o. Is w prime?
False
Let o be -3 - (-2 - (3 - 31)). Suppose 4*s + 2*b + 64 = 0, 0*s = -3*s - 2*b - 50. Let x = s - o. Is x a prime number?
False
Suppose 3*g - 4*g = -170. Let n = 361 - g. Is n prime?
True
Suppose 0 = -4*j - 5*v + 1936, -j + 3*v = -3*j + 970. Is j a composite number?
False
Let y(g) = -43*g - 5. Let q(z) = z + 1. Let u(o) = -4*q(o) - y(o). Let r(k) = 38*k + 1. Let w(m) = 6*r(m) - 5*u(m). Is w(2) a prime number?
True
Let c(j) = -j**2 + j - 2. Let d be c(-2). Let s be 4/(-6) - d/3. Suppose 54 = 4*m + u, m = 2*m + s*u - 17. Is m composite?
False
Let s = -10 - -33. Suppose 14 + s = t. Is t composite?
False
Let i be -6*3/6*-1. Suppose -i*m + 3*p + 47 = 2*p, -5*m - 2*p = -71. Is (-10)/m - (-514)/6 composite?
True
Let v be 29/(-3) + 1/(-3). Let z(c) = c**3 + 11*c**2 + 8*c + 3. Is z(v) prime?
True
Suppose -z = -345 + 91. Is z prime?
False
Let l(q) = -4*q + 7. Is l(-8) a prime number?
False
Suppose a + 0*m - 8 = 4*m, 2*m = -3*a - 4. Let z = -2 + a. Let x = z + 9. Is x a composite number?
False
Suppose 4*r - 2*r = -3*s + 1742, 2*r = s + 1758. Is r prime?
True
Suppose 3*i + 65 = 4*i. Is i prime?
False
Let m = 487 - 279. Let l = m + -117. Is l composite?
True
Let k(c) = 2*c**3 + 6*c**2 + 16*c + 7. Is k(10) a composite number?
False
Let d(y) = -6*y**3 - 3*y + 4. Is d(-5) composite?
False
Let c(b) = b**3 + 5*b**2 + 4*b + 3. Let n be c(-4). Is (-59)/((-4 - 0) + n) a composite number?
False
Let q be 39/18 + (-1)/6. Suppose -o + 3*m - 29 = -q*o, 102 = 4*o - 2*m. Is o a composite number?
True
Suppose 2*f + 3*o - 18 = 0, -2*f + 0*o - 5*o = -26. Let l(x) = f - 5 - 7*x - 3 + 3. Is l(-3) a composite number?
False
Suppose -1022 = -3*h + 433. Suppose 0